

{"id":1151,"date":"2022-05-18T18:42:28","date_gmt":"2022-05-18T18:42:28","guid":{"rendered":"http:\/\/323742.de.hosting.internet1.de\/?page_id=1151"},"modified":"2022-05-24T20:37:50","modified_gmt":"2022-05-24T20:37:50","slug":"foerderverein","status":"publish","type":"page","link":"http:\/\/loeschzug-avenwedde.de\/index.php\/foerderverein\/","title":{"rendered":"F\u00f6rderverein"},"content":{"rendered":"\n<figure class=\"wp-block-gallery has-nested-images columns-default is-cropped buehne\">\n<figure class=\"wp-block-image size-full\"><img loading=\"lazy\" width=\"2560\" height=\"1440\" data-id=\"1156\"  src=\"http:\/\/loeschzug-avenwedde.de\/wp-content\/uploads\/2022\/05\/20160409_171147-scaled.jpg\" alt=\"\" class=\"wp-image-1156\" srcset=\"http:\/\/loeschzug-avenwedde.de\/wp-content\/uploads\/2022\/05\/20160409_171147-scaled.jpg 2560w, http:\/\/loeschzug-avenwedde.de\/wp-content\/uploads\/2022\/05\/20160409_171147-300x169.jpg 300w, http:\/\/loeschzug-avenwedde.de\/wp-content\/uploads\/2022\/05\/20160409_171147-1024x576.jpg 1024w, http:\/\/loeschzug-avenwedde.de\/wp-content\/uploads\/2022\/05\/20160409_171147-768x432.jpg 768w, http:\/\/loeschzug-avenwedde.de\/wp-content\/uploads\/2022\/05\/20160409_171147-1536x864.jpg 1536w, http:\/\/loeschzug-avenwedde.de\/wp-content\/uploads\/2022\/05\/20160409_171147-2048x1152.jpg 2048w\" sizes=\"(max-width: 2560px) 100vw, 2560px\" \/><\/figure>\n\n\n\n<figure class=\"wp-block-image size-full\"><img loading=\"lazy\" width=\"2560\" height=\"1440\" data-id=\"1155\"  src=\"http:\/\/loeschzug-avenwedde.de\/wp-content\/uploads\/2022\/05\/20160409_171003-scaled.jpg\" alt=\"\" class=\"wp-image-1155\" srcset=\"http:\/\/loeschzug-avenwedde.de\/wp-content\/uploads\/2022\/05\/20160409_171003-scaled.jpg 2560w, http:\/\/loeschzug-avenwedde.de\/wp-content\/uploads\/2022\/05\/20160409_171003-300x169.jpg 300w, http:\/\/loeschzug-avenwedde.de\/wp-content\/uploads\/2022\/05\/20160409_171003-1024x576.jpg 1024w, http:\/\/loeschzug-avenwedde.de\/wp-content\/uploads\/2022\/05\/20160409_171003-768x432.jpg 768w, http:\/\/loeschzug-avenwedde.de\/wp-content\/uploads\/2022\/05\/20160409_171003-1536x864.jpg 1536w, http:\/\/loeschzug-avenwedde.de\/wp-content\/uploads\/2022\/05\/20160409_171003-2048x1152.jpg 2048w\" sizes=\"(max-width: 2560px) 100vw, 2560px\" \/><\/figure>\n\n\n\n<figure class=\"wp-block-image size-full buehne\"><img loading=\"lazy\" width=\"2560\" height=\"1440\" data-id=\"1154\"  src=\"http:\/\/loeschzug-avenwedde.de\/wp-content\/uploads\/2022\/05\/20160409_170728-scaled.jpg\" alt=\"\" class=\"wp-image-1154\" srcset=\"http:\/\/loeschzug-avenwedde.de\/wp-content\/uploads\/2022\/05\/20160409_170728-scaled.jpg 2560w, http:\/\/loeschzug-avenwedde.de\/wp-content\/uploads\/2022\/05\/20160409_170728-300x169.jpg 300w, http:\/\/loeschzug-avenwedde.de\/wp-content\/uploads\/2022\/05\/20160409_170728-1024x576.jpg 1024w, http:\/\/loeschzug-avenwedde.de\/wp-content\/uploads\/2022\/05\/20160409_170728-768x432.jpg 768w, http:\/\/loeschzug-avenwedde.de\/wp-content\/uploads\/2022\/05\/20160409_170728-1536x864.jpg 1536w, http:\/\/loeschzug-avenwedde.de\/wp-content\/uploads\/2022\/05\/20160409_170728-2048x1152.jpg 2048w\" sizes=\"(max-width: 2560px) 100vw, 2560px\" \/><\/figure>\n<\/figure>\n\n\n\n<h2>Der F\u00f6rderverein des L\u00f6schzug Avenwedde<\/h2>\n\n\n\n<p>Der F\u00f6rderverein wurde am 07. Juni 2003 durch Mitglieder des L\u00f6schzuges gegr\u00fcndet. Sein vorrangiges Ziel ist die M\u00f6glichkeit f\u00fcr die Bev\u00f6lkerung ihren \u00f6rtlichen L\u00f6schzug zu unterst\u00fctzen.<\/p>\n\n\n\n<p>Seit der Gr\u00fcndung zeichnet sich eine stabile Anzahl mit einem stetigen Zuwachs ab. Somit k\u00f6nnen wir mittlerweile \u00fcber 100 Mitglieder z\u00e4hlen. <\/p>\n\n\n\n<p>Zwei der Hauptziele sind:<\/p>\n\n\n\n<ul><li>F\u00f6rderung der Traditionspflege und des Zusammenhaltes innerhalb des L\u00f6schzuges Avenwedde. Dazu z\u00e4hlt auch die Ehrenabteilung, der Spielmannzug und die f\u00f6rdernden Mitglieder.<\/li><li>Beschaffung von Ausr\u00fcstungsgegenst\u00e4nden besonderer Art, soweit diese vom Tr\u00e4ger der \u00f6ffentlichen Feuerwehr nicht finanziert werden.<\/li><\/ul>\n\n\n\n<p>Ein Gro\u00dfteil der Anschaffungen durch den F\u00f6rderverein wurden im Rahmen des Neubaus des Ger\u00e4tehauses get\u00e4tigt. Dazu geh\u00f6rten unter anderem Einsatzmonitore, LED-Strahler f\u00fcr die Fahrzeughalle,  der Feuerwehr Schriftzug am Ger\u00e4tehaus und vieles mehr.<\/p>\n\n\n\n<p>In den folgenden Jahren kamen immer wieder neue Anschaffungen hinzu, unter anderem eine Gartenh\u00fctte, ein Carport f\u00fcr unsere Anh\u00e4nger, Beamer und andere Ger\u00e4te.<\/p>\n\n\n\n<p>Fernab der Zahlen ist das Miteinander zwischen der aktiven Wehr und den f\u00f6rdernden Mitgliedern ein wichtiger Bestandteil. Es zeigt sich immer wieder bei Festlichkeiten wie stark die Bev\u00f6lkerung ihrem L\u00f6schzug den R\u00fccken st\u00e4rkt.<\/p>\n\n\n\n<p>Immer wieder gibt es kleine oder gro\u00dfe Events f\u00fcr unseren F\u00f6rderverein. Einladung zum Oktoberfest, Grillabende, Gl\u00fchweinabend an der Gartenh\u00fctte, oder wie auf den Bildern \u00dcben mit dem Feuerl\u00f6scher.<\/p>\n\n\n\n<p>Der F\u00f6rderverein steht allen interessierten B\u00fcrgern offen. Wenn Sie nun also Interesse an der Arbeit des F\u00f6rdervereines gefunden haben und diesen unterst\u00fctzen m\u00f6chten, so k\u00f6nnen Sie uns hier erreichen.<\/p>\n\n\n\n<p><\/p>\n\n\n\n<p><strong>Anschrift:<\/strong><br>F\u00f6rderverein des L\u00f6schzuges Avenwedde e.V.<br>G\u00fcthstra\u00dfe 4<br>33335 G\u00fctersloh<\/p>\n\n\n\n<p><\/p>\n\n\n\n<p><strong>Telefon:<\/strong>&nbsp;+49 (5241) 7205<br><strong>E-Mail:<\/strong>&nbsp;foerderverein@loeschzug-avenwedde.de<\/p>\n\n\n\n<p><\/p>\n\n\n\n<p>Gerne k\u00f6nnen Sie auch an einem der Dienstabende, jeden Dienstag ab 19:30 Uhr, am Ger\u00e4tehaus G\u00fcthstra\u00dfe 4 vorbei kommen und sich vor Ort informieren.<\/p>\n\n\n\n<p class=\"sidebar\">Mitglieder des L\u00f6schzuges und des F\u00f6rdervereins bei einem Feuerl\u00f6schertraining f\u00fcr den F\u00f6rderverein<\/p>\n","protected":false},"excerpt":{"rendered":"<p>Der F\u00f6rderverein des L\u00f6schzug Avenwedde Der F\u00f6rderverein wurde am 07. Juni 2003 durch Mitglieder des L\u00f6schzuges gegr\u00fcndet. Sein vorrangiges Ziel ist die M\u00f6glichkeit f\u00fcr die Bev\u00f6lkerung ihren \u00f6rtlichen L\u00f6schzug zu unterst\u00fctzen. Seit der Gr\u00fcndung zeichnet sich eine stabile Anzahl mit einem stetigen Zuwachs ab. Somit k\u00f6nnen wir mittlerweile \u00fcber 100 Mitglieder z\u00e4hlen. Zwei der Hauptziele [&hellip;]<\/p>\n","protected":false},"author":5,"featured_media":0,"parent":0,"menu_order":0,"comment_status":"closed","ping_status":"closed","template":"page.php","meta":[],"acf":[],"_links":{"self":[{"href":"http:\/\/loeschzug-avenwedde.de\/index.php\/wp-json\/wp\/v2\/pages\/1151"}],"collection":[{"href":"http:\/\/loeschzug-avenwedde.de\/index.php\/wp-json\/wp\/v2\/pages"}],"about":[{"href":"http:\/\/loeschzug-avenwedde.de\/index.php\/wp-json\/wp\/v2\/types\/page"}],"author":[{"embeddable":true,"href":"http:\/\/loeschzug-avenwedde.de\/index.php\/wp-json\/wp\/v2\/users\/5"}],"replies":[{"embeddable":true,"href":"http:\/\/loeschzug-avenwedde.de\/index.php\/wp-json\/wp\/v2\/comments?post=1151"}],"version-history":[{"count":15,"href":"http:\/\/loeschzug-avenwedde.de\/index.php\/wp-json\/wp\/v2\/pages\/1151\/revisions"}],"predecessor-version":[{"id":1269,"href":"http:\/\/loeschzug-avenwedde.de\/index.php\/wp-json\/wp\/v2\/pages\/1151\/revisions\/1269"}],"wp:attachment":[{"href":"http:\/\/loeschzug-avenwedde.de\/index.php\/wp-json\/wp\/v2\/media?parent=1151"}],"curies":[{"name":"wp","href":"https:\/\/api.w.org\/{rel}","templated":true}]}}