

{"id":161,"date":"2020-05-29T10:50:26","date_gmt":"2020-05-29T08:50:26","guid":{"rendered":"http:\/\/localhost:8888\/feuerwehr_avenwedde\/?page_id=161"},"modified":"2025-01-21T08:03:31","modified_gmt":"2025-01-21T08:03:31","slug":"impressum","status":"publish","type":"page","link":"http:\/\/loeschzug-avenwedde.de\/index.php\/impressum\/","title":{"rendered":"Impressum"},"content":{"rendered":"\n<h2>Impressum<\/h2>\n\n\n\n<h3 class=\"section\" id=\"Impressum\">Angaben gem\u00e4\u00df \u00a7 5 (TMG):<\/h3>\n\n\n\n<p>F\u00f6rderverein des L\u00f6schzuges Avenwedde e.V.<br>G\u00fcthstra\u00dfe 4<br>33335 G\u00fctersloh<br><br>Vereinsregister: Amtsgericht G\u00fctersloh<br>Registernummer: 1181<br><br>Telefon: +49 (5241) 7205<br>E-Mail: foerderverein@loeschzug-avenwedde.de<br><br>Vertreten durch: Dennis Kiunke<br>Inhaltlich verantwortlich gem\u00e4\u00df \u00a7 55 Abs. 2 RStV:<br>Dennis Kiunke, wenn nicht anderer Verfasser angegeben. Kontaktdaten entsprechen den allgemeinen Daten.<br><\/p>\n\n\n\n<p>Quelle: <a href=\"https:\/\/www.e-recht24.de\">e-recht24.de<\/a><br><\/p>\n","protected":false},"excerpt":{"rendered":"<p>Impressum Angaben gem\u00e4\u00df \u00a7 5 (TMG): F\u00f6rderverein des L\u00f6schzuges Avenwedde e.V.G\u00fcthstra\u00dfe 433335 G\u00fctersloh Vereinsregister: Amtsgericht G\u00fcterslohRegisternummer: 1181 Telefon: +49 (5241) 7205E-Mail: foerderverein@loeschzug-avenwedde.de Vertreten durch: Dennis KiunkeInhaltlich verantwortlich gem\u00e4\u00df \u00a7 55 Abs. 2 RStV:Dennis Kiunke, wenn nicht anderer Verfasser angegeben. Kontaktdaten entsprechen den allgemeinen Daten. Quelle: e-recht24.de<\/p>\n","protected":false},"author":2,"featured_media":0,"parent":0,"menu_order":0,"comment_status":"closed","ping_status":"closed","template":"","meta":[],"acf":[],"_links":{"self":[{"href":"http:\/\/loeschzug-avenwedde.de\/index.php\/wp-json\/wp\/v2\/pages\/161"}],"collection":[{"href":"http:\/\/loeschzug-avenwedde.de\/index.php\/wp-json\/wp\/v2\/pages"}],"about":[{"href":"http:\/\/loeschzug-avenwedde.de\/index.php\/wp-json\/wp\/v2\/types\/page"}],"author":[{"embeddable":true,"href":"http:\/\/loeschzug-avenwedde.de\/index.php\/wp-json\/wp\/v2\/users\/2"}],"replies":[{"embeddable":true,"href":"http:\/\/loeschzug-avenwedde.de\/index.php\/wp-json\/wp\/v2\/comments?post=161"}],"version-history":[{"count":2,"href":"http:\/\/loeschzug-avenwedde.de\/index.php\/wp-json\/wp\/v2\/pages\/161\/revisions"}],"predecessor-version":[{"id":2830,"href":"http:\/\/loeschzug-avenwedde.de\/index.php\/wp-json\/wp\/v2\/pages\/161\/revisions\/2830"}],"wp:attachment":[{"href":"http:\/\/loeschzug-avenwedde.de\/index.php\/wp-json\/wp\/v2\/media?parent=161"}],"curies":[{"name":"wp","href":"https:\/\/api.w.org\/{rel}","templated":true}]}}